{"id":31,"date":"2020-03-20T14:46:42","date_gmt":"2020-03-20T03:46:42","guid":{"rendered":"http:\/\/139.99.172.177\/dane2020\/?page_id=31"},"modified":"2021-05-28T11:36:04","modified_gmt":"2021-05-28T00:36:04","slug":"je-suis-parent","status":"publish","type":"page","link":"https:\/\/daneold.education.nc\/?page_id=31","title":{"rendered":"Je suis parent"},"content":{"rendered":"\n<h2 class=\"has-pale-cyan-blue-background-color has-background wp-block-heading\">La continuit\u00e9 p\u00e9dagogique<\/h2>\n\n\n\n<div class=\"padlet-embed\" style=\"border:1px solid rgba(0,0,0,0.1);border-radius:2px;box-sizing:border-box;overflow:hidden;position:relative;width:100%;background:#F4F4F4\"><p style=\"padding:0;margin:0\"><iframe src=\"https:\/\/padlet.com\/embed\/knx6zgsrs0nolm7m\" frameborder=\"0\" allow=\"camera;microphone;geolocation\" style=\"width:100%;height:608px;display:block;padding:0;margin:0\"><\/iframe><\/p><div style=\"padding:8px;text-align:right;margin:0;\"><a href=\"https:\/\/padlet.com?ref=embed\" style=\"padding:0;margin:0;border:none;display:block;line-height:1;height:16px\" target=\"_blank\" rel=\"noopener\"><img loading=\"lazy\" decoding=\"async\" src=\"https:\/\/padlet.net\/embeds\/made_with_padlet.png\" width=\"86\" height=\"16\" style=\"padding:0;margin:0;background:none;border:none;display:inline;box-shadow:none\" alt=\"Fait avec Padlet\"><\/a><\/div><\/div>\n\n\n\n<p><\/p>\n\n\n\n<h2 class=\"has-pale-cyan-blue-background-color has-background wp-block-heading\">Je suis parent, comment accompagner mon enfant par le num\u00e9rique<\/h2>\n\n\n\n<p><em>Pour assurer la continuit\u00e9 p\u00e9dagogique, les enseignants peuvent demander aux \u00e9l\u00e8ves de se connecter sur la plateforme du&nbsp;<strong>CNED<\/strong>. Cette derni\u00e8re permet d\u2019acc\u00e9der \u00e0 des ressources et aux visio-conf\u00e9rences cr\u00e9\u00e9es par les enseignants.<\/em><\/p>\n\n\n\n<p><em>Vous pouvez retrouver aussi des informations utiles pour acc\u00e9der \u00e0 l\u2019espace num\u00e9rique de travail de votre enfant (MonBureauNum\u00e9rique) si celui-ci est au coll\u00e8ge ou en lyc\u00e9e.<\/em><\/p>\n\n\n\n<p>Acc\u00e8s \u00e0 la plateforme de classe virtuelle du CNED :<\/p>\n\n\n\n<p class=\"has-text-align-center\"><a href=\"https:\/\/dane.education.nc\/index.php\/2021\/05\/28\/cned-classe-virtuelle-ma-classe-a-la-maison-ressources-a-distance\/\"><strong>La plateforme du CNED<\/strong><\/a><\/p>\n\n\n\n<div class=\"wp-block-coblocks-accordion\"><\/div>\n","protected":false},"excerpt":{"rendered":"<p>La continuit\u00e9 p\u00e9dagogique Je suis parent, comment accompagner mon enfant par le num\u00e9rique Pour assurer la continuit\u00e9 p\u00e9dagogique, les enseignants peuvent demander aux \u00e9l\u00e8ves de se connecter sur la plateforme du&nbsp;CNED. Cette derni\u00e8re permet d\u2019acc\u00e9der \u00e0 des ressources et aux visio-conf\u00e9rences cr\u00e9\u00e9es par les enseignants. Vous pouvez retrouver aussi des informations utiles pour acc\u00e9der \u00e0 [&hellip;]<\/p>\n","protected":false},"author":1,"featured_media":14,"parent":305,"menu_order":0,"comment_status":"closed","ping_status":"closed","template":"","meta":{"_coblocks_attr":"","_coblocks_dimensions":"","_coblocks_responsive_height":"","_coblocks_accordion_ie_support":"","advgb_blocks_editor_width":"","advgb_blocks_columns_visual_guide":"","footnotes":""},"folder":[],"coauthors":[],"author_meta":{"author_link":"https:\/\/daneold.education.nc\/?author=1","display_name":"admin"},"relative_dates":{"created":"Publi\u00e9 6 ans il y a","modified":"Mis \u00e0 jour 5 ans il y a"},"absolute_dates":{"created":"Publi\u00e9 le 20 mars 2020","modified":"Mise \u00e0 jour le 28 mai 2021"},"absolute_dates_time":{"created":"Publi\u00e9 le 20 mars 2020 14 h 46 min","modified":"Mise \u00e0 jour le 28 mai 2021 11 h 36 min"},"featured_img_caption":"","featured_img":"https:\/\/daneold.education.nc\/wp-content\/uploads\/2020\/03\/jesuisparent.png","series_order":"","_links":{"self":[{"href":"https:\/\/daneold.education.nc\/index.php?rest_route=\/wp\/v2\/pages\/31"}],"collection":[{"href":"https:\/\/daneold.education.nc\/index.php?rest_route=\/wp\/v2\/pages"}],"about":[{"href":"https:\/\/daneold.education.nc\/index.php?rest_route=\/wp\/v2\/types\/page"}],"author":[{"embeddable":true,"href":"https:\/\/daneold.education.nc\/index.php?rest_route=\/wp\/v2\/users\/1"}],"replies":[{"embeddable":true,"href":"https:\/\/daneold.education.nc\/index.php?rest_route=%2Fwp%2Fv2%2Fcomments&post=31"}],"version-history":[{"count":8,"href":"https:\/\/daneold.education.nc\/index.php?rest_route=\/wp\/v2\/pages\/31\/revisions"}],"predecessor-version":[{"id":1068,"href":"https:\/\/daneold.education.nc\/index.php?rest_route=\/wp\/v2\/pages\/31\/revisions\/1068"}],"up":[{"embeddable":true,"href":"https:\/\/daneold.education.nc\/index.php?rest_route=\/wp\/v2\/pages\/305"}],"wp:featuredmedia":[{"embeddable":true,"href":"https:\/\/daneold.education.nc\/index.php?rest_route=\/wp\/v2\/media\/14"}],"wp:attachment":[{"href":"https:\/\/daneold.education.nc\/index.php?rest_route=%2Fwp%2Fv2%2Fmedia&parent=31"}],"wp:term":[{"taxonomy":"folder","embeddable":true,"href":"https:\/\/daneold.education.nc\/index.php?rest_route=%2Fwp%2Fv2%2Ffolder&post=31"}],"curies":[{"name":"wp","href":"https:\/\/api.w.org\/{rel}","templated":true}]}}